Suppose -c + 2 = -2*j - 6, j + 4*c = -13. Let r = -3 - j. Suppose r*h = -3*a + 22, -3*h + 0 - 5 = -5*a. What are the prime factors of h?
5
Let z be 4/(-16) - 21/(-4). Suppose j = -2*v + 27, -5*j = -4*j + z. Let r = v - 4. What are the prime factors of r?
2, 3
Let a = 1 + -4. Let r be (-1)/(3/a)*0. Suppose 4*s - 18 = b, 3*b + r = s + 1. What are the prime factors of s?
5
What are the prime factors of (-4 - 3300/(-21)) + (-1)/7?
3, 17
Let c be 1/(-2) - (-25)/2. What are the prime factors of -10 + c + 0 + 29?
31
Let j be (-15)/(-6)*6/5. Suppose -j*n + i + 26 = 0, 2*n = 3*i - 7*i + 22. Let m(a) = -a + 14. What are the prime factors of m(n)?
5
Suppose 5*s + 2*l = 1 + 8, 2*l + 6 = 0. Suppose -s*d - 1 + 7 = 0. What are the prime factors of d?
2
Let t(h) = h - 3. Let z be t(6). Suppose -z + 1 = 3*r - 5*j, -j + 6 = 5*r. What are the prime factors of (6/2 - -2)/r?
5
Suppose 4*l - 36 = -2*s, s + 3*l - 6 = 11. Suppose -3*h - 5*q - 4 = 0, 0 = q + 3*q + s. What are the prime factors of h?
7
Suppose 13 = 5*c - 12. Suppose 166 = c*i - 5*s - 49, -4 = s. List the prime factors of i.
3, 13
Let y(w) be the third derivative of -5/24*w**4 + 0*w + 1/30*w**5 - 2/3*w**3 + 4*w**2 + 1/120*w**6 + 0. List the prime factors of y(-3).
2
Let p = -333 + 485. List the prime factors of p.
2, 19
Suppose -4*n = -0*n - 344. What are the prime factors of n?
2, 43
Let o = 2 - 7. Let n(q) = -2. Let v(y) = -y + 1. Let c(j) = n(j) + v(j). List the prime factors of c(o).
2
Let f be 0/(2/(-2) + 2). Suppose 2*x + 2 = -f*x. List the prime factors of x*(-3)/(-1 - -2).
3
What are the prime factors of (28/(-12) - -1)*-75?
2, 5
Suppose 5 = m, m - 300 = -3*r - 2*m. What are the prime factors of r?
5, 19
Let j(t) = -2 + 4*t - 10*t + t**2 + 0*t**2. What are the prime factors of j(7)?
5
Suppose 0 = 4*t - 19 - 333. List the prime factors of t.
2, 11
Let i = 6 - 4. Suppose 0 = 6*w - i*w. Suppose w = -5*m + 3*m + 20. List the prime factors of m.
2, 5
Let f be 1/(-1*2/132). Let r be f/(-24) + 2/8. Suppose -l + r*y = l - 41, 5*l + 4*y - 45 = 0. What are the prime factors of l?
13
Let i(m) = m**3 - 10*m**2 + 16*m + 10. List the prime factors of i(8).
2, 5
Let a(n) = 16*n + 1. Let b be (-21)/(-18) - (-1)/(-6). List the prime factors of a(b).
17
Let r be (-1*1)/(-3 - -2). Let y be (-6 + r)/(5 + -6). Suppose 5*n = 4*n + 3, -y*v = -2*n - 84. What are the prime factors of v?
2, 3
List the prime factors of ((-13)/2 + 2)/(9/(-72)).
2, 3
Suppose 5*t = 2*k + 27 - 7, -4*t = 3*k + 7. Suppose -35 = -5*j - 4*y, t*j = 3*j - 3*y - 26. List the prime factors of j.
11
Let s(y) = -14*y**3 + 0 + 4 - 3 - 2*y**2. What are the prime factors of s(-1)?
13
Let x = -8 - -4. Let i = -2 - x. List the prime factors of i/11 + 97/11.
3
Let a be ((4 - 4) + 1)*0. Suppose 2*d - 101 = -3*g, 4*d - 16 + a = 0. What are the prime factors of g?
31
Let y be 3/12*-2*-2. Suppose 0 = -b - y + 5. What are the prime factors of b?
2
Suppose -k - h - h - 10 = 0, 4*h = 5*k - 20. Suppose -4*t + 83 = n, t + 2*n - 26 = -0*t. Let q = k + t. List the prime factors of q.
2, 5
Let o = 2 + -5. Let t(m) = 2*m**2 - 4*m. Let g be t(3). List the prime factors of (g/o)/(1/(-5)).
2, 5
Let u be (-3 - 2)/((-3)/6). What are the prime factors of u/4*(-460)/(-50)?
23
Let u be (8/20)/(3/60). What are the prime factors of (-6)/u*-4 - -15?
2, 3
What are the prime factors of 12/(-4)*10/(-2)?
3, 5
Let r(u) = -29*u - 1. List the prime factors of r(-1).
2, 7
Let q(p) = 2*p - 3*p + 1 + 0*p + p**2. Let u be q(2). Suppose -f = -u*f + 20. List the prime factors of f.
2, 5
Let x be (3/(-2))/(3/(-6)). Suppose -4*o + 3*r = -r + 20, 0 = -x*o - 5*r + 1. Let q(s) = -s**3 - 2*s**2 - s - 4. What are the prime factors of q(o)?
2
Let y be (-2)/(3/((-6)/(-1))). Let z(s) = -s - 2. Let f be z(y). Suppose f*b + 2 = 4*x, 2*x = -3*x + 20. List the prime factors of b.
7
Let w(l) = -l + 12. Let u be w(10). Suppose -3*g + 5*g - 14 = 0. Suppose u*n - g = -k, -3*k + 8*k = -n + 17. List the prime factors of k.
3
Let u be (-2)/(-6) - (-34)/6. Suppose u*c + 18 = 7*c. List the prime factors of c.
2, 3
Suppose -159 = -3*w - 3*a, -4*a + 16 = -4. List the prime factors of w.
2, 3
Let o = 3 + -1. Suppose -o*b = -27 + 1. What are the prime factors of b?
13
Suppose -2*p - 8*c = -3*c + 19, 5*p + 5*c = -10. Suppose 26 = 3*h + 5*d, -d - 5 + 3 = -p*h. Suppose h*l - 20 = -0*l. What are the prime factors of l?
2, 5
Suppose 0 = -4*m - 0*m + 4. Suppose -2*q + 5*q + 3*r + 9 = 0, -2*q + 3*r = -19. Let n = m + q. What are the prime factors of n?
3
Suppose 0 = -0*k - k. Suppose 2*t - 7 + 3 = k. List the prime factors of t.
2
Let p(o) = 2*o - 7. Let l be p(6). List the prime factors of (-4 + l)*(-3)/(-1).
3
Suppose -3*w + 334 = 5*s, -39 = 5*s - 5*w - 349. List the prime factors of s.
5, 13
Suppose 0*z - 675 = -9*z. List the prime factors of z.
3, 5
Suppose -5*i - 4*a + 532 = 0, 1 + 534 = 5*i + 5*a. List the prime factors of i.
2, 13
Suppose 0 = -o - y + 16, -4*o + 3*y - 8*y + 69 = 0. Let b = 21 - 6. Suppose g = -x + o, 5*x + b = 3*g + 70. List the prime factors of x.
11
Let p(z) = 28*z + 3. List the prime factors of p(3).
3, 29
Let m = -1 - -4. Let g = m - -11. List the prime factors of g.
2, 7
Let k be (-208)/(-8) + 1*-2. Suppose -x = -4 - k. List the prime factors of x.
2, 7
Let w(z) = -299*z**3 + z**2. What are the prime factors of w(-1)?
2, 3, 5
Let f be 2/10 + 19/5. Suppose -3*y + 11 = x, 2*x + 2*y = 10 - 0. Suppose -2*j - 33 = -5*j - f*k, x*j - 17 = -k. What are the prime factors of j?
7
Let k = 15 - 14. Let n = 10 - k. List the prime factors of n.
3
Let j be 399/(-15) - (-4)/(-10). Let s be (-4)/((-12)/j) + 0. Let c = s + 15. What are the prime factors of c?
2, 3
Let a(l) = -7*l**2 - 9*l - 8. Let n(m) = 11*m**2 + 14*m + 12. Let h(k) = 8*a(k) + 5*n(k). Let v be h(-3). Let b = 11 + v. List the prime factors of b.
2
Suppose 20 = t + 10. Suppose -3*x - 18 = 4*f - 0*f, 5*x - 3*f = -30. Let z = t - x. List the prime factors of z.
2
Suppose 4*p - 3*p - 71 = 0. List the prime factors of p.
71
What are the prime factors of 36/(-15)*(-110)/3?
2, 11
Suppose -4*q + 4*u = -2*q - 4, -u + 44 = 4*q. Suppose -y = 2*b + 5, 5*b - b - 2*y - q = 0. List the prime factors of -2 - (0 + b - 13).
11
Let f be ((-74)/(-3))/((-8)/(-12)). Let m = f + -23. Suppose 4*n - 5*n + m = 0. List the prime factors of n.
2, 7
Let h = -26 - -17. Let x = h - -13. Suppose -3*n = -17 - x. List the prime factors of n.
7
Suppose 51 + 39 = 10*x. What are the prime factors of x?
3
Let w(f) = -f**3 + f**2 - f + 1. Let n be w(1). Suppose n*v + 7 = v. What are the prime factors of v?
7
Let u(k) = k**3 - 3*k**2 - 4*k + 5. Let d = 7 - 3. What are the prime factors of u(d)?
5
Let q(a) = a**2 - 7*a + 6. Let v be q(5). List the prime factors of (3 - 3 - v) + 53.
3, 19
Suppose 2*q = 6*q + 28. Let u(v) = v**2 + 6*v - 2. Let l be u(q). Suppose o + l = 2*o. List the prime factors of o.
5
Let h(k) = k**3 - k**2 - 10. Let i be h(0). Let r = i + 16. List the prime factors of r.
2, 3
Let f be (-8)/(-6)*21/2. Suppose 0*a = a - f. What are the prime factors of a?
2, 7
What are the prime factors of (-12)/18 + ((-334)/(-6) - -2)?
3, 19
Suppose -a + 7*a - 96 = 0. List the prime factors of a.
2
Let y(s) = 13*s**3 + 2*s**2 - 2*s + 1. List the prime factors of y(1).
2, 7
Suppose -5*t + 4*l + 156 = 0, 8*l = -4*t + 5*l + 100. List the prime factors of t.
2, 7
Suppose 5*j = -3*w + 7*j + 153, -j = 4*w - 215. List the prime factors of w.
53
Let h(j) = j**2 + 16*j. List the prime factors of h(-21).
3, 5, 7
Let b be (6/(-4) - 1)*2. Let j(a) = 2*a**2 + 2*a - 5. List the prime factors of j(b).
5, 7
Suppose 0 = 4*j - 0*n - 4*n - 32, 2*n = -j + 14. Let t = 20 - j. What are the prime factors of t?
2, 5
Let w(g) = 2*g - 3. Let i(q) = -1. Let f(h) = -4*i(h) + w(h). Let k be f(-6). Let j = 19 + k. List the prime factors of j.
2
Let g(b) = -b + 42. Let p be g(0). Suppose 0 = 3*v - 0*v - p. What are the prime factors of v?
2, 7
Let m(g) = 10*g - 13. List the prime factors of m(17).
157
Suppose 4*g = -0*g + 12. Suppose 2*h - 5*h - 38 = -4*t, 0 = -3*h + g*t - 39. Let w = h - -22. List the prime factors of w.
2
Suppose 0 = 4*l - 28 - 16. Suppose 5*v + 10*q - 5*q - 80 = 0, 4*q = v - l. List the prime factors of v.
3, 5
Let m = -48 + 85. List the prime factors of m.
37
Let l(n) = -2*n**3 - 7*n**2 - 6*n 